rivative of -t**4/4 - 2*t**3 - t**2/2 - 3*t + 2. Suppose -3*y = 5*y + 48. Give s(y).
3
Suppose -5*x + 5*p = 570, 0 = 5*p + 14 + 1. Let o be x/(-21) + 3/7. Let t(g) = -g. Calculate t(o).
-6
Let m be (-188)/(-20) - (-2)/(-5). Suppose 3 = -8*d + m*d. Let q(n) = -2*n + 0*n + 4*n. What is q(d)?
6
Let a(x) = -x**3 + 4*x**2 + 4*x + 3. Let n be 3 + 7 + -8 + 1*3. Calculate a(n).
-2
Let k(d) = d**3 + 3*d**2 - d - 1. Let s be 54/15 + 2/5. Let w be -2 + -2*2/s. Determine k(w).
2
Let i(o) = -o**3 + 6*o**2 - o - 1. Suppose -w + 0*w = -6. Determine i(w).
-7
Let f = 77 - 70. Let q(s) = s**2 - 4*s - 2. Give q(f).
19
Let b = 72 - 68. Let i(o) = o - 3*o - 5 - o**2 + 8*o. Give i(b).
3
Let z(t) be the second derivative of -t**5/20 - t**4/2 + t**2/2 - 5*t. Determine z(-6).
1
Let g be 1/(2 - 3) - 4. Let t = -5 - g. Let b = t - 0. Let h(x) = x + 11. Determine h(b).
11
Suppose -c = -3*a - 15, -c - a = -0*a + 5. Let t(b) = b**2 + 3*b**2 - 5*b**2 + 3 + 2*b + c*b**2. Calculate t(4).
-5
Let i = -4 + 0. Let q(a) = -a**2 - 2*a + 3. Let v be q(i). Let s(u) = u**2. Let g(h) = 2*h**3 + 5*h**2 - h. Let k(c) = v*s(c) + g(c). Determine k(1).
1
Let p(y) be the second derivative of -y**4/12 - 5*y**3/6 + y**2 + 5*y. What is p(-4)?
6
Let j(h) = h + 4. Suppose 3*v + 4 - 23 = -2*p, -5*v - p = -20. Calculate j(v).
7
Let q(w) be the first derivative of w**2/2 + 2*w + 3. Let y be q(4). Let x(i) = 3*i + 11. Let c(u) = 4*u + 12. Let f(d) = y*x(d) - 5*c(d). Give f(5).
-4
Let z(h) = h**2 + 2 + 3*h - 3*h - h. Let p be z(4). Suppose -4*q = -3*r + 9, 0*r + p = -5*q + r. Let w(j) = j**2 + 5*j + 3. Give w(q).
-3
Let r(w) = -5*w + 12*w - 6*w - 3 + w**3. Give r(0).
-3
Suppose 4*l - 19 = -l - 4*n, 4*l - 11 = n. Suppose w = 5*w - 12. Let v(f) = f**3 + 0*f**w + 2*f - f - 2 - 3*f**2. Determine v(l).
1
Let f(l) be the first derivative of -l**4/4 + 5*l**3/3 - 2*l**2 + l - 4. Calculate f(3).
7
Let c(n) be the second derivative of n**7/840 + n**6/120 - n**5/40 - n**4/24 + n**3/2 + 4*n. Let l(z) be the second derivative of c(z). Determine l(-4).
-5
Let k(b) = 1. Let p(z) = z. Let m(a) = -k(a) + p(a). Determine m(6).
5
Let c(d) = 3*d**3 + d**2 - 2*d + 1. Suppose 3*v + 4*l = 3 - 20, 5*v = 3*l + 20. What is c(v)?
3
Let l(o) = -o + 7. Let c(z) = 2. Let p(x) = -11*c(x) + 4*l(x). Suppose 5*h - 30 = 4*i - 10, -3*h + 12 = -4*i. Give p(h).
-10
Suppose 4 - 2 = 5*d - w, -5*w = -2*d + 10. Let j be d - (3 + -1 - 2). Let t(u) = u - 6*u - 9 + 6*u. Calculate t(j).
-9
Let t(n) = -3*n - 6. Let l = 45 + -50. What is t(l)?
9
Let x(w) = 2*w + 3*w + 1 - 4*w. Determine x(-4).
-3
Let o(v) = -v - 1. Let q(r) = -4*r - 4. Let w(g) = 3*o(g) - q(g). Give w(-3).
-2
Let t(r) = -2*r**3 + 2*r**2 + 3*r - 2. Let w(u) = u**2 - 5*u - 4. Let a be w(6). Let h be ((-2)/(-4))/(a/4). Suppose -2*o + h = -3. Calculate t(o).
-4
Suppose 6*k = k + 25. Let d(x) be the first derivative of x**3/6 - x**2/2 - x + 2. Let n(a) be the first derivative of d(a). Determine n(k).
4
Let c be (-1 - -1 - -10)/2. Suppose -4*b + 0*x = 5*x + 35, c*b + 37 = -4*x. Let n(q) = 2*q + 1. What is n(b)?
-9
Suppose 12 = 5*q - q. Suppose -4*h + 1 = -q*n, 5*n - h - 7 = 14. Let t(k) = k**3 - 6*k**2 + 4*k + 4. Give t(n).
-1
Suppose h = -0*h + 8. Let u(n) = n - 2. What is u(h)?
6
Let d(i) be the second derivative of -i**6/360 + i**5/30 - i**4/6 - i**3/6 + i. Let y(t) be the second derivative of d(t). Determine y(3).
-1
Let d(c) = -c**2 - 6*c - 6. Suppose -34 = 4*x - 6. Let r = -5 - x. Suppose -o + r - 6 = 0. Determine d(o).
2
Let g(o) = o**2 - 3*o + 4. Let a(s) = -2*s**2 + 7*s - 9. Let i(c) = -3*a(c) - 7*g(c). Let l be 2/(-7) + 141/(-21). Let w = -7 - l. Give i(w).
-1
Let c(q) = q**3 + 5*q**2 - 5*q + 1. Let p be c(-6). Let w(v) = -3 + 4*v**2 - 1 + v**3 - 3 - 7*v. Calculate w(p).
3
Let m(b) = b**2 - 6*b + 3. Let w = 0 - 4. Let a(j) be the second derivative of j**5/20 + j**4/4 - 5*j**3/6 + 4*j. Let k be a(w). Give m(k).
-5
Let n(y) = y**2 + 9*y + 3. Let m = -195 + 186. Determine n(m).
3
Let l(m) = m**2 + m - 8. Let r = -8 - -12. Suppose 0 = -r*t + 2*t. Determine l(t).
-8
Suppose 4*g + 22 = -2*p, g + 3*p = 8 - 1. Let z = 6 + g. Let q(d) = -d**2 + d + 1. Calculate q(z).
-5
Let b be 1*(6/1 + 0). Let f = b + -2. Suppose 1 + f = 4*i + a, -i - a = -5. Let p(c) = c**2 - c + 1. What is p(i)?
1
Let g(i) = -i + 3. Suppose -5*d - 154 = -439. Let w be 1/4 - d/(-12). Give g(w).
-2
Let b(z) = -4*z - 1. Let h be b(-1). Suppose -14 = -h*u + 1. Let c(g) = 2*g - 5. Give c(u).
5
Suppose 5*i = 2*i + 42. Let o = 16 - i. Let c(g) = -g**3 + 8*g**2 + 3*g + 6. Let n(k) = k**3 - 7*k**2 - 2*k - 5. Let z(j) = -4*c(j) - 5*n(j). What is z(o)?
1
Let v(o) be the third derivative of -o**6/120 - o**5/20 - o**4/8 - o**3/2 - 28*o**2. Determine v(-2).
-1
Let o be (-4)/(-3) + 80/48. Let l(t) = -o*t**2 + 5*t**2 - 38*t - 3 + 35*t - 3*t**2. Suppose -4*f = 3*a + 20, 3*f + 3*a = 8*a + 14. Determine l(f).
-1
Let n(q) be the third derivative of -q**4/24 - 4*q**3/3 + 21*q**2. Give n(-7).
-1
Let o(p) = 2*p**2 + 0*p - 4 - 8*p - p. Let g(q) = q**2 - 5*q - 2. Let n(s) = -7*g(s) + 4*o(s). Calculate n(2).
0
Let k(d) be the first derivative of -d**5/10 - d**2/2 - 3*d + 3. Let h(s) be the first derivative of k(s). Let m be h(-1). Let a(y) = -5*y - 1. Calculate a(m).
-6
Let a(g) = -3*g - 1. Let q(w) = -4*w - 1. Let f(p) = -6*a(p) + 5*q(p). Let v be 10/(-55) + (-172)/22. Let k = v - -12. Determine f(k).
-7
Let s(x) = x**3 - 3*x**2 - x - 2. Let p be 12/8 + 2/(4/3). Calculate s(p).
-5
Let u = 61 + -62. Suppose c = 5*c. Let m(h) = c*h + 0*h - 5*h. Calculate m(u).
5
Suppose -4*i + 3*y + y = -48, 0 = 2*i - 5*y - 39. Let k(m) = -m**3 + 6*m**2 + 7*m - 3. Give k(i).
-3
Let q(k) be the third derivative of k**8/6720 - k**7/840 + k**6/720 - k**5/120 - k**4/6 + 6*k**2. Let x(t) be the second derivative of q(t). What is x(2)?
-3
Let h(f) = f**3 - f**2 - f + 1. Let d be h(1). Let a = d + -4. Let k(o) = -o**3 - 4*o**2 + 3. Calculate k(a).
3
Let g(y) be the second derivative of y**3/6 + 3*y**2/2 - y. Let d be (2 - 4)*1 - 1. Determine g(d).
0
Let q be 2 + (-1 - 2) + 1. Let n(s) = -s - 7. Let l be n(q). Let g = l - -2. Let j(i) = -i**2 - 5*i + 1. Calculate j(g).
1
Suppose 5 = 5*h - 5*l, 0 = 3*h - 6*h - 3*l + 27. Let g(o) = -2*o - 4. Calculate g(h).
-14
Suppose -6*h = -h - 25. Suppose -h*y = -0*y - 25. Let n(u) = -u - 4 - u + y*u. Determine n(3).
5
Let t(q) = q**3 - q**2 - 5. Let r be (-5 - 1)*16/(-6). Let g = r - 16. What is t(g)?
-5
Let h(v) = v**3 + 9*v**2 + 8*v - 6. Let x = 42 - 50. What is h(x)?
-6
Let o(a) = -33*a + a**2 + 63*a + 2 - 26*a. Give o(-3).
-1
Let l = -52 + 48. Suppose v + 0 = 3. Let p(t) = 4*t**3 + 5*t**2 + 2 - v*t**3 + 4*t - t. Determine p(l).
6
Let d be (-2)/((-1)/(-2) - 0). Suppose -9 = -2*y - y + 5*w, 0 = -4*y + w - 5. Let r = y - d. Let n(c) = -2*c + 1. Determine n(r).
-3
Suppose -4*x = -0*x. Suppose -f = -z + 2 - 1, -3*f - z + 9 = x. Suppose -3*k + f = -k. Let h(d) = 3*d**3 - d**2. Determine h(k).
2
Let h(d) = -d + 2. Let o(w) = -3*w - 6. Let u be o(-4). Give h(u).
-4
Let v(t) = -t**3 - 3*t**2 + 4*t + 1. Let r be v(-4). Let w be (-4)/(-3)*12/8. Let a(c) = -6*c**w + 4 - 2*c - 1 - 2. Determine a(r).
-7
Let o(r) = -r**3 + r**2 + 2*r - 3. Let s(y) = -2*y + 5. Let l be s(4). Let b be ((-3)/l)/(1/2). Let w be 3 + -1 - 0/b. Give o(w).
-3
Let t(y) = y + 5 - 13 + 0 + 5. Suppose 0 = 2*p + 3*p + 15. Calculate t(p).
-6
Let d(r) = -r**2 + 0*r**2 + 1 - 7 + 9*r. Let g be d(8). Let q(o) = 3 - 5*o + o**3 + 4*o**2 + 4*o - 5 - 3*o**3. What is q(g)?
-4
Suppose -28 = -4*x + 2*d, -2*x = -4*x - 5*d - 10. Let a(v) = 6. Let w(t) = t + 12. Let z(u) = x*a(u) - 3*w(u). What is z(-4)?
6
Let y(d) = -d**3 + 2*d**3 + 0*d**2 - 4*d**2 - d - 5. Determine y(4).
-9
Let y(i) = -i + 5. Let c(j) be the third derivative of j**4/12 - 3*j**3/2 + j**2. Let m(l) = -2*c(l) - 5*y(l). Let k be ((-5)/2*-2)/1. Calculate m(k).
-2
Let x(d) = -d**3 - 3*d**2 - d + 1. Let w = -5 - -3. Suppose 0 = 2*g - 7*g. Let l = w - g. Determine x(l).
-1
Let g(m) = -m**2 + 5*m - 3. Let l(z) = z**2 + 7*z + 9. Let o be l(-6). Calculate g(o).
3
Let q(i) = -i. Let z = -3 + 8. Let l(p) = p**2 + 1. Let o(w) = z*q(w) + l(w). Determine o(4).
-3
Let p(b) be the second derivative of 4*b + 1/6*b**3 + 1/2*b**2 + 0. Determine p(-5).
-4
Let s(z) = -4*z + 4*z - 1 + z**3 + 4*z**2. Let y(p) = 2*p - 18. Let q be y(8).